n factor of 111 and 1887.
111
Calculate the greatest common factor of 434 and 155.
31
What is the greatest common divisor of 448 and 32?
32
What is the greatest common divisor of 66 and 29238?
66
What is the greatest common divisor of 135 and 855?
45
Calculate the highest common factor of 5 and 9395.
5
Calculate the greatest common factor of 30 and 970.
10
What is the greatest common divisor of 33 and 176?
11
Calculate the highest common divisor of 36 and 60.
12
Calculate the greatest common factor of 203 and 87.
29
What is the highest common divisor of 5 and 265?
5
What is the greatest common factor of 42 and 6538?
14
What is the highest common factor of 102 and 3417?
51
What is the greatest common divisor of 414 and 90?
18
What is the highest common factor of 2 and 26?
2
What is the highest common divisor of 24 and 4008?
24
Calculate the highest common factor of 249 and 83.
83
Calculate the highest common divisor of 126 and 846.
18
Calculate the highest common factor of 4367 and 77.
11
Calculate the greatest common factor of 2 and 55.
1
What is the highest common divisor of 17 and 527?
17
Calculate the highest common factor of 598 and 143.
13
Calculate the highest common divisor of 49 and 28.
7
Calculate the greatest common divisor of 1122 and 132.
66
Calculate the greatest common divisor of 4 and 44.
4
What is the greatest common factor of 158 and 10507?
79
What is the greatest common factor of 2 and 122?
2
What is the greatest common divisor of 11766 and 222?
222
What is the highest common divisor of 1728 and 2496?
192
What is the highest common divisor of 40 and 5?
5
What is the greatest common factor of 13 and 260?
13
Calculate the greatest common divisor of 3 and 3177.
3
What is the highest common factor of 2045 and 35?
5
Calculate the highest common factor of 1100 and 88.
44
Calculate the greatest common divisor of 104 and 73736.
104
What is the greatest common divisor of 171 and 38?
19
What is the highest common factor of 7 and 31661?
7
Calculate the highest common factor of 8554 and 188.
94
Calculate the greatest common factor of 53 and 5777.
53
Calculate the highest common divisor of 11 and 2706.
11
What is the greatest common divisor of 81 and 324?
81
Calculate the greatest common factor of 245 and 20.
5
Calculate the greatest common divisor of 4 and 182.
2
What is the greatest common factor of 4472 and 26?
26
What is the greatest common factor of 15 and 85?
5
What is the greatest common factor of 340 and 96220?
340
What is the greatest common divisor of 1 and 121?
1
Calculate the greatest common factor of 2 and 54.
2
What is the highest common factor of 126 and 1029?
21
Calculate the greatest common factor of 32 and 392.
8
Calculate the greatest common factor of 690 and 102.
6
Calculate the highest common divisor of 60 and 2676.
12
Calculate the greatest common divisor of 1476 and 820.
164
Calculate the greatest common divisor of 1456 and 3328.
208
What is the greatest common factor of 4191 and 33?
33
Calculate the highest common divisor of 62 and 186.
62
Calculate the highest common factor of 29 and 2030.
29
Calculate the highest common divisor of 728 and 392.
56
What is the highest common factor of 134 and 268?
134
Calculate the greatest common divisor of 30 and 438.
6
What is the highest common factor of 63 and 210?
21
Calculate the highest common divisor of 11 and 1.
1
What is the highest common factor of 45 and 465?
15
Calculate the greatest common factor of 576 and 108.
36
Calculate the greatest common factor of 3029 and 13.
13
What is the greatest common divisor of 19 and 931?
19
Calculate the highest common factor of 83 and 20086.
83
Calculate the greatest common factor of 48 and 2076.
12
Calculate the highest common factor of 1700 and 17.
17
Calculate the highest common factor of 2035 and 385.
55
What is the highest common divisor of 2616 and 40?
8
Calculate the highest common factor of 5995 and 66.
11
Calculate the highest common divisor of 192 and 156.
12
What is the greatest common divisor of 5120 and 1600?
320
Calculate the greatest common divisor of 39 and 221.
13
What is the highest common factor of 2346 and 357?
51
What is the highest common factor of 336 and 21?
21
Calculate the greatest common divisor of 10 and 870.
10
Calculate the greatest common factor of 141 and 129.
3
What is the greatest common divisor of 3504 and 48?
48
What is the highest common factor of 255 and 459?
51
What is the highest common divisor of 36 and 372?
12
What is the highest common factor of 255 and 30?
15
What is the highest common divisor of 41 and 54407?
41
What is the greatest common divisor of 9 and 129?
3
What is the highest common factor of 255 and 45?
15
Calculate the greatest common factor of 4617 and 741.
57
Calculate the greatest common factor of 1050 and 1806.
42
What is the highest common factor of 46 and 6325?
23
Calculate the greatest common factor of 2056 and 8.
8
What is the greatest common factor of 6 and 474?
6
What is the highest common factor of 3480 and 58?
58
What is the greatest common divisor of 16 and 1052?
4
What is the highest common divisor of 1975 and 225?
25
What is the greatest common divisor of 2574 and 1404?
234
What is the greatest common divisor of 6943 and 524?
131
Calculate the greatest common divisor of 1425 and 228.
57
What is the greatest common factor of 160 and 108?
4
Calculate the highest common divisor of 104 and 13.
13
What is the greatest common factor of 26 and 962?
26
Calculate the highest common factor of 32 and 5888.
32
What is the greatest common divisor of 77 and 44?
11
What is the greatest common divisor of 19 and 5339?
19
What is the highest common factor of 20 and 44?
4
What is the highest common divisor of 1095 and 15?
15
Calculate the greatest common divisor of 169 and 104.
13
Calculate the greatest common factor of 45 and 513.
9
What is the greatest common factor of 385 and 8855?
385
What is the highest common divisor of 6 and 10?
2
What is the greatest common factor of 2070 and 342?
18
Calculate the highest common divisor of 15 and 105.
15
Calculate the highest common divisor of 24 and 900.
12
Calculate the greatest common divisor of 6534 and 24.
6
Calculate the highest common factor of 3 and 93.
3
What is the greatest common divisor of 37 and 4699?
37
What is the greatest common divisor of 464 and 29?
29
Calculate the greatest common factor of 1170 and 325.
65
Calculate the greatest common divisor of 2686 and 272.
34
Calculate the greatest common factor of 49 and 399.
7
What is the highest common factor of 17 and 425?
17
Calculate the highest common divisor of 13 and 27612.
13
What is the greatest common factor of 69 and 2967?
69
What is the highest common factor of 122659 and 23?
23
Calculate the highest common factor of 2109 and 684.
57
What is the greatest common factor of 25 and 15?
5
Calculate the highest common divisor of 1335 and 615.
15
What is the greatest common divisor of 66 and 222?
6
What is the greatest common divisor of 33 and 3575?
11
Calculate the highest common divisor of 986 and 261.
29
What is the greatest common divisor of 21 and 224?
7
Calculate the greatest common divisor of 1407 and 84.
21
Calculate the greatest common factor of 85 and 68.
17
What is the greatest common divisor of 663 and 312?
39
What is the greatest common divisor of 5031 and 13?
13
What is the highest common factor of 573 and 6?
3
Calculate the greatest common divisor of 52 and 9399.
13
Calculate the highest common divisor of 253 and 529.
23
Calculate the highest common factor of 5978 and 14.
14
What is the highest common factor of 7855 and 10?
5
What is the greatest common divisor of 741 and 78?
39
What is the highest common divisor of 147 and 111?
3
What is the greatest common divisor of 3399 and 11?
11
Calculate the greatest common factor of 12543 and 555.
111
Calculate the highest common divisor of 56313 and 9.
9
Calculate the greatest common factor of 4320 and 880.
80
Calculate the greatest common factor of 60 and 12.
12
What is the greatest common factor of 252 and 1449?
63
What is the greatest common divisor of 3616 and 256?
32
Calculate the greatest common divisor of 124 and 88.
4
Calculate the greatest common divisor of 356 and 4.
4
What is the highest common divisor of 2